{"id":196,"date":"2020-09-14T12:39:14","date_gmt":"2020-09-14T15:39:14","guid":{"rendered":"http:\/\/abrasivoszanata.com.br\/loja\/produto\/ponta-de-silicone-verde-unidade-2\/"},"modified":"2024-01-12T10:47:55","modified_gmt":"2024-01-12T13:47:55","slug":"ponta-de-silicone-verde-unidade-2","status":"publish","type":"product","link":"https:\/\/abrasivoszanata.com.br\/loja\/produto\/ponta-de-silicone-verde-unidade-2\/","title":{"rendered":"Ponta de Silicone Verde (Unidade)"},"content":{"rendered":"","protected":false},"excerpt":{"rendered":"<p>Cod: 792 &#8211;\u00a0Ponta de Silicone Verde (Unidade)<br \/>\nn<br \/>\nn* Polidor de silicone com abrasivos.\u00a0 Granula\u00e7\u00e3o M\u00e9dia.<br \/>\nn<br \/>\nn* Indica\u00e7\u00e3o:\u00a0Acabamento e Pr\u00e9-polimento em resina acr\u00edlica \u2013 Pr\u00f3tese Total, Aparelhos ortod\u00f4nticos, Placas de clareamento.<br \/>\nn<br \/>\nn* Rota\u00e7\u00e3o indicada:\u00a0 5 a 7000 rpm<br \/>\nn<br \/>\nn* Di\u00e2metro 10mm \/ Comprimento 23mm<\/p>\n","protected":false},"featured_media":345,"template":"","meta":{"_acf_changed":false},"product_brand":[],"product_cat":[289],"product_tag":[],"class_list":{"0":"post-196","1":"product","2":"type-product","3":"status-publish","4":"has-post-thumbnail","6":"product_cat-pontas","8":"first","9":"instock","10":"purchasable","11":"product-type-simple"},"acf":[],"_links":{"self":[{"href":"https:\/\/abrasivoszanata.com.br\/loja\/wp-json\/wp\/v2\/product\/196","targetHints":{"allow":["GET"]}}],"collection":[{"href":"https:\/\/abrasivoszanata.com.br\/loja\/wp-json\/wp\/v2\/product"}],"about":[{"href":"https:\/\/abrasivoszanata.com.br\/loja\/wp-json\/wp\/v2\/types\/product"}],"wp:featuredmedia":[{"embeddable":true,"href":"https:\/\/abrasivoszanata.com.br\/loja\/wp-json\/wp\/v2\/media\/345"}],"wp:attachment":[{"href":"https:\/\/abrasivoszanata.com.br\/loja\/wp-json\/wp\/v2\/media?parent=196"}],"wp:term":[{"taxonomy":"product_brand","embeddable":true,"href":"https:\/\/abrasivoszanata.com.br\/loja\/wp-json\/wp\/v2\/product_brand?post=196"},{"taxonomy":"product_cat","embeddable":true,"href":"https:\/\/abrasivoszanata.com.br\/loja\/wp-json\/wp\/v2\/product_cat?post=196"},{"taxonomy":"product_tag","embeddable":true,"href":"https:\/\/abrasivoszanata.com.br\/loja\/wp-json\/wp\/v2\/product_tag?post=196"}],"curies":[{"name":"wp","href":"https:\/\/api.w.org\/{rel}","templated":true}]}}