{"id":199,"date":"2020-09-14T12:39:14","date_gmt":"2020-09-14T15:39:14","guid":{"rendered":"http:\/\/abrasivoszanata.com.br\/loja\/produto\/roda-de-silicone-rosa-unidade-2\/"},"modified":"2023-03-01T20:55:18","modified_gmt":"2023-03-01T23:55:18","slug":"roda-de-silicone-rosa-unidade-2","status":"publish","type":"product","link":"https:\/\/abrasivoszanata.com.br\/loja\/produto\/roda-de-silicone-rosa-unidade-2\/","title":{"rendered":"Roda de silicone rosa (Unidade)"},"content":{"rendered":"","protected":false},"excerpt":{"rendered":"<p>Cod: 789 &#8211;\u00a0Roda de silicone rosa (Unidade)<br \/>\nn<br \/>\nn* Para polimento de porcelana macia, metais preciosos e acr\u00edlico.<br \/>\nn<br \/>\nn* Granula\u00e7\u00e3o m\u00e9dia<br \/>\nn<br \/>\nn* Espessura: 0,3mm<br \/>\nn<br \/>\nn* Di\u00e2metro: \u00d8 22mm<\/p>\n","protected":false},"featured_media":340,"template":"","meta":{"_acf_changed":false},"product_brand":[],"product_cat":[287],"product_tag":[],"class_list":{"0":"post-199","1":"product","2":"type-product","3":"status-publish","4":"has-post-thumbnail","6":"product_cat-rodas","8":"first","9":"instock","10":"purchasable","11":"product-type-simple"},"acf":[],"_links":{"self":[{"href":"https:\/\/abrasivoszanata.com.br\/loja\/wp-json\/wp\/v2\/product\/199","targetHints":{"allow":["GET"]}}],"collection":[{"href":"https:\/\/abrasivoszanata.com.br\/loja\/wp-json\/wp\/v2\/product"}],"about":[{"href":"https:\/\/abrasivoszanata.com.br\/loja\/wp-json\/wp\/v2\/types\/product"}],"wp:featuredmedia":[{"embeddable":true,"href":"https:\/\/abrasivoszanata.com.br\/loja\/wp-json\/wp\/v2\/media\/340"}],"wp:attachment":[{"href":"https:\/\/abrasivoszanata.com.br\/loja\/wp-json\/wp\/v2\/media?parent=199"}],"wp:term":[{"taxonomy":"product_brand","embeddable":true,"href":"https:\/\/abrasivoszanata.com.br\/loja\/wp-json\/wp\/v2\/product_brand?post=199"},{"taxonomy":"product_cat","embeddable":true,"href":"https:\/\/abrasivoszanata.com.br\/loja\/wp-json\/wp\/v2\/product_cat?post=199"},{"taxonomy":"product_tag","embeddable":true,"href":"https:\/\/abrasivoszanata.com.br\/loja\/wp-json\/wp\/v2\/product_tag?post=199"}],"curies":[{"name":"wp","href":"https:\/\/api.w.org\/{rel}","templated":true}]}}