{"id":217,"date":"2020-09-14T12:39:22","date_gmt":"2020-09-14T15:39:22","guid":{"rendered":"http:\/\/abrasivoszanata.com.br\/loja\/produto\/roda-de-algodao-muslin-lcb3-75-mm-pc-2\/"},"modified":"2026-04-15T15:57:14","modified_gmt":"2026-04-15T18:57:14","slug":"roda-de-algodao-muslin-lcb3-75-mm-pc-2","status":"publish","type":"product","link":"https:\/\/abrasivoszanata.com.br\/loja\/produto\/roda-de-algodao-muslin-lcb3-75-mm-pc-2\/","title":{"rendered":"Roda de Algod\u00e3o (Muslin) RLX 3X 35 -75 mm) &#8211; P\u00c7"},"content":{"rendered":"","protected":false},"excerpt":{"rendered":"<p>Roda de Algod\u00e3o (Muslin) LCB3 (75 mm) &#8211; 1 Pe\u00e7a<br \/>\nn<br \/>\nn* Roda de algod\u00e3o Muslin<br \/>\nn<br \/>\nn* Bordas penteadas.\u00a0Apenas uma costura ao redor do furo central que \u00e9 refor\u00e7ado com couro e verniz. Trinta e cinco camadas de pano soltas fornecem um polimento mais suave que acompanha curvas e contornos. Use com Rouge Foredom para um polimento inigual\u00e1vel.<br \/>\nn<br \/>\nn* Di\u00e2metro: 3\u2033 = \u00a08cm At\u00e9 5.000 rpm<br \/>\nn<br \/>\nn* MADE IN USA<\/p>\n","protected":false},"featured_media":333,"template":"","meta":{"_acf_changed":false},"product_brand":[],"product_cat":[287],"product_tag":[],"class_list":{"0":"post-217","1":"product","2":"type-product","3":"status-publish","4":"has-post-thumbnail","6":"product_cat-rodas","8":"first","9":"instock","10":"purchasable","11":"product-type-simple"},"acf":[],"_links":{"self":[{"href":"https:\/\/abrasivoszanata.com.br\/loja\/wp-json\/wp\/v2\/product\/217","targetHints":{"allow":["GET"]}}],"collection":[{"href":"https:\/\/abrasivoszanata.com.br\/loja\/wp-json\/wp\/v2\/product"}],"about":[{"href":"https:\/\/abrasivoszanata.com.br\/loja\/wp-json\/wp\/v2\/types\/product"}],"wp:featuredmedia":[{"embeddable":true,"href":"https:\/\/abrasivoszanata.com.br\/loja\/wp-json\/wp\/v2\/media\/333"}],"wp:attachment":[{"href":"https:\/\/abrasivoszanata.com.br\/loja\/wp-json\/wp\/v2\/media?parent=217"}],"wp:term":[{"taxonomy":"product_brand","embeddable":true,"href":"https:\/\/abrasivoszanata.com.br\/loja\/wp-json\/wp\/v2\/product_brand?post=217"},{"taxonomy":"product_cat","embeddable":true,"href":"https:\/\/abrasivoszanata.com.br\/loja\/wp-json\/wp\/v2\/product_cat?post=217"},{"taxonomy":"product_tag","embeddable":true,"href":"https:\/\/abrasivoszanata.com.br\/loja\/wp-json\/wp\/v2\/product_tag?post=217"}],"curies":[{"name":"wp","href":"https:\/\/api.w.org\/{rel}","templated":true}]}}