{"id":636,"date":"2020-10-14T06:45:45","date_gmt":"2020-10-14T09:45:45","guid":{"rendered":"http:\/\/abrasivoszanata.com.br\/loja\/?post_type=product&#038;p=636"},"modified":"2025-04-15T06:30:11","modified_gmt":"2025-04-15T09:30:11","slug":"cera-dentina-opaca-65-stgwaxfixadente-tomaz-gomes","status":"publish","type":"product","link":"https:\/\/abrasivoszanata.com.br\/loja\/produto\/cera-dentina-opaca-65-stgwaxfixadente-tomaz-gomes\/","title":{"rendered":"CERA DENTINA OPACA 50G STGWAXFIXADENTE TOMAZ GOMES"},"content":{"rendered":"<p>CERA DENTINA OPACA 50G STGWAXFIXADENTE TOMAZ GOMES<\/p>\n","protected":false},"excerpt":{"rendered":"<p>CERA PARA FIXA\u00c7AO DOS DENTES E CARACTERIZA\u00c7\u00c3O GENGIVAL<\/p>\n","protected":false},"featured_media":637,"template":"","meta":{"_acf_changed":false},"product_brand":[],"product_cat":[275],"product_tag":[],"class_list":{"0":"post-636","1":"product","2":"type-product","3":"status-publish","4":"has-post-thumbnail","6":"product_cat-ceras","8":"first","9":"instock","10":"shipping-taxable","11":"purchasable","12":"product-type-simple"},"acf":[],"_links":{"self":[{"href":"https:\/\/abrasivoszanata.com.br\/loja\/wp-json\/wp\/v2\/product\/636","targetHints":{"allow":["GET"]}}],"collection":[{"href":"https:\/\/abrasivoszanata.com.br\/loja\/wp-json\/wp\/v2\/product"}],"about":[{"href":"https:\/\/abrasivoszanata.com.br\/loja\/wp-json\/wp\/v2\/types\/product"}],"wp:featuredmedia":[{"embeddable":true,"href":"https:\/\/abrasivoszanata.com.br\/loja\/wp-json\/wp\/v2\/media\/637"}],"wp:attachment":[{"href":"https:\/\/abrasivoszanata.com.br\/loja\/wp-json\/wp\/v2\/media?parent=636"}],"wp:term":[{"taxonomy":"product_brand","embeddable":true,"href":"https:\/\/abrasivoszanata.com.br\/loja\/wp-json\/wp\/v2\/product_brand?post=636"},{"taxonomy":"product_cat","embeddable":true,"href":"https:\/\/abrasivoszanata.com.br\/loja\/wp-json\/wp\/v2\/product_cat?post=636"},{"taxonomy":"product_tag","embeddable":true,"href":"https:\/\/abrasivoszanata.com.br\/loja\/wp-json\/wp\/v2\/product_tag?post=636"}],"curies":[{"name":"wp","href":"https:\/\/api.w.org\/{rel}","templated":true}]}}